0).
-17
Let i(p) = -6520*p + 12342363. What is i(1893)?
3
Let w(u) = -u**3 - 47*u**2 + 1899*u - 92. Give w(-73).
-165
Let i(m) = -841430*m + 3365753. Calculate i(4).
33
Let u(m) = 2*m**2 + 942*m + 84894. What is u(-122)?
-262
Let o(y) = y**3 + 36*y**2 - 18*y + 240. Give o(0).
240
Let o(t) = -t**3 - 15*t**2 + 541*t + 131. Determine o(-32).
227
Let a(l) = -2*l**2 - 150*l + 35. Determine a(-69).
863
Let n(q) = -5714*q**2 + 22852*q + 14. Calculate n(4).
-2
Let x(q) = q**3 + 38*q**2 - 210*q + 145. Calculate x(-43).
-70
Let c(q) = -1401*q + 22795. Give c(16).
379
Let s(k) = 3*k**3 - 27*k**2 - 4011*k + 39889. Calculate s(10).
79
Let l(p) = -1497*p - 35156. What is l(-23)?
-725
Let r(y) = 7*y**3 - 1529*y**2 - 876*y - 56. Give r(219).
-56
Let x(t) = -7*t**2 - 1023*t - 29689. What is x(-40)?
31
Let z(x) = x**2 + 417*x + 43424. What is z(-216)?
8
Let u(s) = -s**2 - 475*s - 24580. Calculate u(-58).
-394
Let r(m) = 62403*m - 13291855. Calculate r(213).
-16
Let s(a) = -263*a + 91535. Give s(345).
800
Let h(m) = 25*m**3 + 8*m**2 + 1887*m + 1878. Give h(-1).
-26
Let i(r) = 2*r**3 + 13*r**2 + 37. Calculate i(-6).
73
Let q(f) = -3*f**3 - 697*f**2 - 167*f + 15066. What is q(-232)?
-14
Let f(g) = g**2 - 9*g + 286. Calculate f(16).
398
Let b(l) = 2*l**2 + 45*l - 798. Determine b(15).
327
Let g(t) = -t**2 - 19*t + 1340. Determine g(34).
-462
Let r(m) = 21*m**2 - 591*m - 23174. Give r(-22).
-8
Let u(k) = -k**3 + 84*k**2 - 89*k + 728. Calculate u(83).
230
Let h(w) = -18*w**2 - 17996*w + 522227. What is h(-1028)?
3
Let p(g) = -104*g + 18441. Determine p(178).
-71
Let b(u) = 86*u - 1836. Determine b(15).
-546
Let v(z) = -7255*z - 151820. What is v(-21)?
535
Let p(d) = -2087*d - 2107883. Give p(-1010).
-13
Let c(g) = -1475*g - 16. What is c(-1)?
1459
Let y(b) = 172*b**2 - 4*b - 56. Give y(-3).
1504
Let s(m) = -m**3 - 14*m**2 + 1823*m + 7405. What is s(-4)?
-47
Let n(u) = -8*u**2 - 10201*u - 61272. Calculate n(-6).
-354
Let u(c) = -1719*c - 14608. What is u(-9)?
863
Let j(k) = -678*k - 24240. Determine j(-36).
168
Let c(k) = 2*k**3 + 38*k**2 + 39*k + 73. What is c(-18)?
19
Let i(k) = -23090*k - 785011. Calculate i(-34).
49
Let h(i) = 3*i**2 + 16*i - 2817. What is h(-37)?
698
Let s(z) = 155*z - 24368. Give s(157).
-33
Let h(c) = -82*c**3 - 1020*c**2 - 527*c - 1143. Calculate h(-12).
-3
Let j(s) = s**2 - 355*s - 39365. What is j(-88)?
-381
Let v(k) = k**3 - 80*k**2 + 190*k + 494. Give v(4).
38
Let w(n) = -1078*n - 345821. Determine w(-321).
217
Let y(t) = 2559*t + 460457. Calculate y(-180).
-163
Let n(m) = 4894*m - 1287122. Calculate n(263).
0
Let k(s) = 6*s**3 - 610*s**2 + 388*s + 1713. Calculate k(101).
97
Let s(j) = -1213621*j - 1213645. Give s(-1).
-24
Let t(b) = 60*b**2 - 2096*b - 153. Give t(35).
-13
Let d(t) = -10839*t + 54141. Calculate d(5).
-54
Let g(n) = 18*n**2 + 119*n - 5657. What is g(14)?
-463
Let s(u) = -2*u**2 - 1295*u + 320281. Calculate s(191).
-26
Let y(s) = s**2 + 5340*s + 53298. Give y(-10).
-2
Let l(s) = 5*s**3 - 25*s**2 - 3751*s + 18732. What is l(5)?
-23
Let s(g) = 2*g**3 + 394*g**2 - 6805*g + 138. Give s(-213).
-2205
Let i(d) = -73*d**2 + 313*d + 1410. What is i(7)?
24
Let z(y) = -445732*y - 3120116. Give z(-7).
8
Let j(v) = 2*v**3 - 202*v**2 + 814*v - 496. Calculate j(97).
3190
Let c(m) = -2*m**2 - 657*m + 119801. Give c(-459).
2
Let i(j) = -2615*j - 862919. Calculate i(-330).
31
Let h(n) = -n**3 + 27*n**2 + 555*n - 159. Give h(39).
3234
Let a(v) = 14*v - 69. Calculate a(-47).
-727
Let d(n) = n**2 - 36*n + 181. Give d(14).
-127
Let z(g) = -2349*g - 35065. Determine z(-15).
170
Let f(c) = 304*c**2 - 4862*c - 79. Determine f(16).
-47
Let i(q) = 53034*q + 52919. Give i(-1).
-115
Let j(r) = -190254*r - 2092780. Calculate j(-11).
14
Let g(k) = k**2 + 4812*k - 3331558. What is g(614)?
6
Let t(v) = 10324*v - 3489495. Determine t(338).
17
Let i(p) = 7*p**3 + 58*p**2 - 68*p + 313. Calculate i(-9).
520
Let x(a) = 4*a**2 - 461*a + 12671. Give x(61).
-566
Let t(b) = 2*b**3 + 8*b**2 - 47*b + 91. Determine t(-10).
-639
Let h(r) = 5255*r - 15776. Determine h(3).
-11
Let h(l) = 132*l + 1968. Give h(-31).
-2124
Let a(w) = w**3 + 28*w**2 + 215*w - 153. Determine a(-15).
-453
Let b(k) = -3475*k**2 + 13857*k + 178. Determine b(4).
6
Let d(v) = -24*v**2 + 170*v + 398. What is d(-2)?
-38
Let u(k) = -k**3 - 10*k**2 - 241*k + 2025. Give u(11).
-3167
Let y(d) = -82*d + 449. Give y(5).
39
Let v(i) = -i**3 - 30*i**2 - 73*i + 369. Calculate v(-26).
-437
Let b(k) = 593*k + 10667. Determine b(-18).
-7
Let z(n) = 361*n**2 - 547279*n + 4545. Calculate z(1516).
-3
Let a(y) = -2*y**3 + 2*y**2 + 229*y + 121. Determine a(11).
220
Let q(m) = 15*m**3 + 632*m**2 - 252*m - 14111. What is q(-42)?
1
Let g(z) = z**3 + 150*z**2 + 732*z + 364. What is g(-145)?
-651
Let z(t) = -757*t**2 + 7573*t - 26. Determine z(10).
4
Let w(k) = -35736*k - 4288313. What is w(-120)?
7
Let u(g) = 4628*g - 13892. Give u(3).
-8
Let v(y) = -136*y - 36963. Determine v(-272).
29
Let b(a) = -3839*a - 230362. What is b(-60)?
-22
Let z(w) = -11*w**2 + 507*w - 378. Calculate z(45).
162
Let z(g) = -2*g**2 - 67735*g - 203192. Give z(-3).
-5
Let x(r) = 974*r + 17823. Calculate x(-18).
291
Let y(m) = -5360*m - 616432. Determine y(-115).
-32
Let s(v) = -55*v - 3146. Give s(-68).
594
Let s(l) = -131549*l - 6708996. Calculate s(-51).
3
Let h(v) = 1137*v - 57901. Determine h(51).
86
Let d(p) = -p**3 + 4*p**2 + 7*p - 331. Give d(0).
-331
Let o(k) = 39001*k - 233998. Determine o(6).
8
Let t(q) = -2*q**2 - 8*q + 1531. Give t(-27).
289
Let k(m) = -69*m**3 - m**2 + 78*m + 153. Give k(-2).
545
Let z(h) = 612*h - 86264. Give z(141).
28
Let n(t) = t**2 + 6057*t + 90669. Calculate n(-15).
39
Let n(h) = -671*h - 87974. Give n(-131).
-73
Let h(a) = a**2 + 157*a - 2031. Determine h(-168).
-183
Let s(u) = -3*u**2 - 8333*u - 33311. Determine s(-4).
-27
Let i(a) = -4*a**2 - 502*a - 17438. Determine i(-69).
-1844
Let s(w) = 1298*w + 16736. Determine s(-13).
-138
Let t(u) = -1862*u + 33964. Determine t(19).
-1414
Let q(l) = -2*l**3 - 1792*l**2 + 42218*l - 51462. Give q(-919).
2
Let t(i) = 16*i + 1160. Determine t(7).
1272
Let c(n) = -37*n**2 - 246*n - 75. What is c(-6)?
69
Let o(p) = -616867*p - 5551752. What is o(-9)?
51
Let s(z) = z**3 - 7*z**2 + 26*z - 108. Calculate s(6).
12
Let u(n) = n**3 + 33*n**2 + 84*n + 1049. Calculate u(-32).
-615
Let x(h) = -37045*h - 56345445. Determine x(-1521).
0
Let h(d) = -59*d**3 + 14*d**2 + 11*d + 4. Give h(-1).
66
Let j(z) = 2*z**2 - 29509*z - 29511. Calculate j(-1).
0
Let j(h) = 26746*h + 80151. Determine j(-3).
-87
Let r(x) = 10*x**2 + 1050*x - 2103. Give r(2).
37
Let r(g) = 2*g**2 + 533*g + 14959. Calculate r(-235).
154
Let z(h) = -h**3 - 30*h**2 - 219*h - 287. Give z(-9).
-17
Let h(m) = -23696*m - 2274831. Determine h(-96).
-15
Let f(j) = -j**2 - 1051*j - 26654. Calculate f(-26).
-4
Let x(t) = 40*t**3 - 2231*t**2 - 505*t + 68. What is x(56)?
12
Let l(p) = -8*p + 5. Determine l(29).
-227
Let q(a) = a**2 + 35*a - 39203. Calculate q(181).
-107
Let b(q) = -16*q**2 - 2282*q + 6853. Give b(3).
-137
Let q(n) = -n**2 - 221*n - 7713. Determine q(-168).
1191
Let q(l) = -2*l**2 + 796*l + 135932. Give q(527).
-34
Let z(m) = 1606*m + 8162. Calculate z(-5).
132
Let x(z) = -z**3 + 32*z**2 + 1251*z - 31813. Give x(44).
-1
Let d(z) = -255*z - 66330. What is d(-260)?
-30
Let x(z) = 27*z**2 - 18389*z + 1375. What is x(681)?
13
Let g(d) = -d**2 - 7138*d + 128811. Determine g(18).
3
Let j(k) = 4*k**2 + 651*k - 20794. Give j(28).
570
Let q(y) = 31*y**2 - 2971*y - 3351. Calculate q(97).
141
Let u(w) = 175*w**2 - 7337*w - 69. Give u(42).
477
Let b(p) = -33*p**3 - 624*p**2 + 1472*p + 476. Calculate b(-21).
-7
Let b(p) = 4*p**3 - 53*p**2 + 213*p - 79. Calculate b(8).
281
Let m(f) = 946*f - 1507. Give m(1).
-561
Let k(g) = -43*g**2 + 25*g + 150. Give k(-6).
-1548
Let f(v) = 176505*v - 706022. Calculate f(4).
-2
Let l(k) = 2*k**3 - 31*k**2 - 105*k + 122. What is l(18)?
-148
Let o(a) = 3*a**2 - 451*a - 3232. Calculate o(-7).
72
Let f(l) = l**3 - 7*l**2 - 478*l - 435. Determine f(-18).
69
Let m(k) = -k**2 + 1969*k + 317847. What is m(-150)?
-3
Let s(r) = 117694*r - 8. Calculate s(0).
-8
Let d(y) = y**2 + 4001*y - 64306. Determine d(16).
-34
Let m(i) = -i**3 + 7*i**2 + 15. Determine m(0).
15
Let d(i) = -288*i - 12534. Calculat